36. Suppose 0 = 3*r - 3*t, -5*r = -0*r - 4*t - 2. What is the highest common factor of r and p?
2
Suppose 0 = -17*k + 24*k - 1449. Suppose -6*x + 585 = -k. Calculate the highest common factor of x and 176.
44
Suppose -2*q + 3*b = -76, 3*b - 5*b = 8. Suppose -q*g + 3834 = -14*g. What is the highest common factor of g and 284?
71
Suppose -118*v - 659 + 2783 = 0. What is the highest common divisor of v and 7794?
18
Let n(t) = -t**2 - 33*t + 12. Let p = -26 - 6. Let f be n(p). What is the greatest common factor of f and 12?
4
Suppose 0 = 15*i - 11*i - 2204. Let s = i - 311. Suppose -2*w - s = -10*w. What is the greatest common divisor of 12 and w?
6
Suppose -4*t + 172 + 233 = -5*f, 4*f - 12 = 0. Calculate the highest common divisor of 4245 and t.
15
Let a(v) = -4*v + 482. Let c be a(77). What is the greatest common factor of 7830 and c?
174
Suppose -714*t + 709*t + 6655 = 0. Calculate the greatest common divisor of 4356 and t.
121
Let i = 9662 + -9566. Suppose 2*u - 8 = -4*c + 8, -4*u - 34 = -3*c. What is the greatest common factor of i and c?
6
Let x = 42 + -81. Let o = 42 + x. Suppose 0 = o*t - 3*w - 177, -3*t - 227 = -7*t + w. Calculate the greatest common factor of 7 and t.
7
Suppose 5*h - 180 = -t + 55, 0 = 3*t + 5*h - 685. Suppose l = -3*k + 4, l + 2*k - 2 = -2*k. Let y = l - -15. What is the highest common divisor of y and t?
25
Let d be 32/4*(-2)/(-2). Let t be 291/9 - 4/(-6). Let n = 41 - t. Calculate the highest common divisor of n and d.
8
Let n(t) = -24*t - 31. Let d be n(-4). Let o = 19 - -45. Let v = d - o. Calculate the highest common factor of 17 and v.
1
Suppose -5*n = -37785 + 5960. What is the greatest common factor of n and 95?
95
Suppose 0 = w - 5 + 2. Let h be 142/w*3 - -2. Let k be 16 + (19 + -19)/(-1 - -4). Calculate the greatest common divisor of k and h.
16
Let i = 249 + -177. Let a be (-48)/28*(-14)/4. Suppose -a*v - 2*v = -96. Calculate the greatest common factor of i and v.
12
Suppose -3*f - 2*a = 1427, -f + 2*a = -3*f - 954. Let b = 500 + f. Calculate the highest common factor of b and 15.
3
Suppose 0 = -77*x + 73*x - 8, -2*a = -4*x - 2448. Calculate the highest common divisor of 488 and a.
244
Let l(p) = 11*p**3 + 4*p**2 - 5*p - 3. Let c be l(-3). Let o = c - -290. What is the highest common divisor of 328 and o?
41
Suppose -6*m + 11*m + 25 = 0. Let u be 3*m/15*1. Let z be (75/(-3)*10)/u. What is the greatest common divisor of 25 and z?
25
Suppose -1810 + 2455 = -5*g. Let u be 510/14 + g/301. What is the highest common factor of u and 300?
12
Suppose -6*w + 982 = -518. Let u be (1 - 4)/(w/64 - 4). Calculate the greatest common factor of u and 128.
32
Suppose 44*r - 19*r - 2500 = 0. Calculate the greatest common factor of 120 and r.
20
Let l be 5/(-3) + 2 + 2865/(-9). Let c = 348 + l. What is the highest common factor of c and 40?
10
Let w(u) = 3*u**2 - 4*u**2 - 50 + 28*u + 0*u**3 + 9*u**3 - u**2 - 3*u**3. Let x be w(2). Calculate the greatest common divisor of 644 and x.
46
Let q(v) = v**2 - 1. Let h be q(-3). Let u = -18 - -205. Let l = u + -179. What is the greatest common divisor of h and l?
8
Suppose -o + 582 = 4*s, 2*s - 16 - 296 = -4*o. Calculate the greatest common divisor of s and 396.
36
Suppose -x + 3*b = -640 - 512, 5680 = 5*x + 5*b. Calculate the highest common divisor of 240 and x.
60
Let d = 39 + -35. Suppose -12 = -d*m - 348. Let k = m - -112. What is the greatest common factor of 21 and k?
7
Let w = -110 - -236. Suppose -j = 3*k + 4*j - 59, -4*j - 132 = -4*k. What is the greatest common factor of k and w?
14
Let b be ((-51)/6 + 5)*-10. Let v(l) = 3*l - 35. Let n be v(21). What is the highest common divisor of n and b?
7
Let l = -1654 - -1720. What is the highest common factor of 5148 and l?
66
Suppose 215*o - 52416 = 199*o. What is the highest common factor of 168 and o?
84
Suppose 8 = -4*h + 2*h. Let t(v) = 2*v + 16. Let k be t(h). Let n be k*(0 + 15/6). What is the greatest common factor of 30 and n?
10
Suppose 3*a = -12*a + a + 70. Let n = 45 + 10. Calculate the highest common divisor of a and n.
5
Let c(k) = 4*k**2 + 28*k - 373. Let g be c(-19). Let b = 6 - -5. What is the highest common divisor of g and b?
11
Let c be 32/14 + 6/(-21). Let v be (c*3/(-12))/(6/(-60)). Suppose 3*u = 4*p - 151, -p + u + 117 = 2*p. What is the highest common divisor of p and v?
5
Suppose -15*p = 18 - 273. Suppose 168 = -p*m + 491. Calculate the highest common factor of 361 and m.
19
Suppose -2*s + s + 30 = 0. Let x = s - -110. Suppose 0 = z + 3*z - 80. What is the greatest common divisor of x and z?
20
Let v(h) = -h**3 - 58*h**2 - 13*h - 580. Let p be v(-58). What is the greatest common factor of p and 138?
6
Suppose 27*k - 2*k - 74 = 476. Calculate the greatest common factor of k and 5390.
22
Let s(b) be the second derivative of 25*b**4/6 + b**3 + 2*b**2 + 4*b + 5. Let x be s(-1). What is the highest common divisor of x and 48?
48
Let i = -2507 - -2527. Let y be (-15484)/(-18) + 22/(-99). What is the highest common factor of y and i?
20
Let v(q) = -5*q**2 + 216*q + 762. Let f be v(43). Let i = -22 - -57. Calculate the greatest common factor of i and f.
35
Let l(w) = w**2 + 6*w - 1. Let q be (-1)/(-2)*(-3 - 9). Let d be l(q). Let k be (d - -6)*(5 + 1 + -4). Calculate the highest common factor of k and 40.
10
Let j = 21145 - 21085. Calculate the greatest common divisor of 10770 and j.
30
Let z = 156 + -113. Suppose 0 = 5*i - 3*d - 657, 25 = 3*i - 3*d - 374. Suppose 0 = 3*y - 4*y + i. What is the greatest common divisor of z and y?
43
Let b be (-432824)/(-170) + 12/(-510). What is the greatest common divisor of 19 and b?
19
Suppose -155*x + 5*g = -163*x + 265, 4*x + 3*g = 127. Let w(y) = -y**2 - 5*y + 5. Let v be w(-5). Calculate the greatest common divisor of x and v.
5
Suppose -8701 = -895*b + 104*b. Suppose v = -f + 16 + 9, 2*f + 4*v - 56 = 0. What is the highest common divisor of f and b?
11
Let t be -40*1152/90*(2 + -8 + 2). Calculate the highest common factor of t and 80.
16
Suppose 2*l = -v - 2*l + 128, 4*l = 2*v - 196. Let w = 106 - v. Let r be (240/64)/(w/(-24)). What is the greatest common divisor of r and 18?
9
Let h(j) = j**3 - 26*j**2 + 7*j - 15. Let u be h(26). Suppose 173*o - u*o = 756. Calculate the highest common divisor of 567 and o.
63
Suppose 5*h + 2*q - 87 = 0, 18*q + 27 = h + 20*q. What is the greatest common divisor of 1905 and h?
15
Let v(g) = g**2 - 23*g - 1396. Let z be v(-28). Calculate the greatest common divisor of z and 1200.
16
Let c = 88 + -85. Suppose -2*l = -l - c. Let a be (50/l)/10*(34 - 1). Calculate the greatest common divisor of a and 5.
5
Let c(k) = 4*k**3 - 2*k**2 - 5*k + 7. Let x be c(5). Let r = 685362 + -685346. Calculate the highest common factor of r and x.
16
Let n = 73 + -59. Let f = 19 - n. Suppose t - 10 = -r, -f*t + 32 = r - 2. What is the greatest common divisor of 30 and t?
6
Suppose -m = 2*y + 46, -5*y + 2 = -6*y. Let d be 7/(((-30)/(-80))/(m/(-8))). Calculate the greatest common divisor of 42 and d.
14
Suppose -8*n = -3*n - 210. Suppose -389 = -8*v + 4*v - 5*g, -2*v - 5*g + 207 = 0. Calculate the greatest common divisor of n and v.
7
Let w(k) = 197*k + 1208. Let i be w(-6). Calculate the greatest common divisor of 78 and i.
26
Let o be 14/35 + (-218)/(-5). Let c = -1859 - -1870. What is the greatest common divisor of c and o?
11
Let k(y) = -13*y**2 + 342*y + 313. Let q be k(27). Calculate the highest common divisor of q and 1880.
10
Let o be (30/(-6) + 6)*-3. Let l be ((-4)/8)/((5 + o)/(-4)). Calculate the highest common divisor of l and 9.
1
Let j = 2504 + -2246. Calculate the greatest common factor of 2193 and j.
129
Suppose -38*l + 43*l - 11610 = -4*y, -2*l - 4*y = -4644. What is the greatest common divisor of l and 108?
54
Let i(w) = -13*w + 6688. Let o be i(83). Calculate the greatest common factor of 710 and o.
71
Let w(o) = 3*o**3 + o**2 + 5. Let k be w(-4). Let r = 32 - k. Suppose 8*s - 64 = 20 + 148. What is the highest common factor of s and r?
29
Let k be -5*(-16)/(-60)*(-65 + -1). What is the highest common factor of k and 374?
22
Let m = 6026 - 5975. What is the highest common factor of 4131 and m?
51
Let s be (-4)/((-20)/(-887))*-5. Let j = s + -469. Let z(k) = -11*k + 5. Let g be z(-3). Calculate the greatest common factor of g and j.
38
Let g = 